k be 2/(-4)*-2 - 5. Let t be z*k/(-6)*-4. Calculate the highest common factor of t and 24.
8
Let i(b) = b**2 - 6*b + 2. Let g be i(6). Let w be g/7 - 124/(-7). Let f(u) = -2*u + 17. Let a be f(7). What is the greatest common factor of w and a?
3
Let c(l) = l**3 - l**2 - 2*l - 3. Let q be c(3). Let y = 2 + 7. What is the greatest common factor of y and q?
9
Let c = 4588 + -6568. Let q be c/(-28) - 2/(-7). Suppose 0 = 3*u - 0*u - 2*x - 45, 2*x + q = 5*u. What is the highest common divisor of 13 and u?
13
Suppose 5*m - 2 - 3 = 0. Let t be 3/(-2)*(112/(-24))/1. Calculate the highest common factor of t and m.
1
Suppose -625 = -s - 4*s. What is the highest common divisor of s and 50?
25
Suppose -2*c = 2*c - 8. Let h be (c + (0 - 3))*-90. Calculate the greatest common factor of 15 and h.
15
Let d(a) = 12*a**2 - 5*a + 4. Let c be d(1). Calculate the highest common factor of 11 and c.
11
Let i be (-14)/(-10) + -1 - 1456/(-35). Calculate the highest common factor of 21 and i.
21
Suppose 5*i = 3*y - 66, -2*y = -3*y - 5*i + 22. Calculate the greatest common factor of 110 and y.
22
Suppose 4*p = 0, -l = -0*l - 3*p - 168. Calculate the greatest common divisor of 24 and l.
24
Let c = -14 - -19. Suppose -2*n + 168 - 4 = 5*a, 0 = 3*n - c*a - 196. What is the highest common factor of 24 and n?
24
Let y = -7 + 12. Suppose 3*m + m = 8. Suppose 0*u = 2*u - m. Calculate the highest common factor of y and u.
1
Let w(z) = -4*z + 13. Let k(m) = m - 4. Let a(o) = -11*k(o) - 4*w(o). Let q be a(6). What is the greatest common factor of q and 154?
22
Let v(m) = -121*m - 2. Let l be v(-5). Let s = l + -71. Suppose 7*n - 577 = -3*o + 2*n, 0 = 3*o - 4*n - s. What is the highest common divisor of o and 23?
23
Suppose 0*m - 18 = -2*m. Suppose 57 = r - 3*k, 0*r - 3*k + 87 = r. What is the greatest common factor of m and r?
9
Let n = -710 + 1191. Suppose -2*h + 5*a + 22 + 175 = 0, 0 = -5*h + a + n. Calculate the highest common factor of h and 12.
12
Suppose -4*i - 3*b + 1188 = 0, 2*i + 2*b - 594 = 6*b. What is the highest common divisor of i and 27?
27
Suppose -5*x - 2 + 92 = 0. Suppose -3 = 4*n - 11. Let z = n + 7. Calculate the highest common factor of z and x.
9
Suppose 0 = -5*g + 6*g + 4. Let a be 11 + (3 + 1)/g. What is the highest common factor of 5 and a?
5
Suppose -8*r = -2*r - 12. Suppose 5*z - 24 - 16 = 0. Calculate the highest common divisor of z and r.
2
Let j(a) = -a**3 - 14*a**2 + 9*a + 20. Let k be j(-15). What is the greatest common divisor of k and 10?
10
Let c = -3 + 5. Let t be 6*2 - 4/c. Let b(h) = h**2 - h. Let y be b(-10). Calculate the highest common divisor of y and t.
10
Suppose -5*h + 10 = 5*p, 6*h = -2*p + 2*h + 2. Suppose -40 = -p*s + 65. Suppose 0 = 3*f - 8*f + s. What is the greatest common factor of 14 and f?
7
Suppose -4*t = 5*g - 16, g - 8 = 3*t + t. What is the highest common divisor of g and 28?
4
Let r be (8/(-12))/((-1)/54). Let b = -58 - -67. Calculate the highest common factor of b and r.
9
Let d = -1 - -15. Let b = 15 + -13. What is the highest common divisor of b and d?
2
Let c be 16/6*6/(-1). Let u = 9 + c. Let r(g) = g**2 + 5*g. Let x be r(u). What is the highest common factor of x and 112?
14
Let s(v) = v**3 - 5*v**2 + 5*v - 2. Let p be s(3). Let w(t) = 3*t + 2*t**2 - 1 + 3*t - 4. Let b be w(p). Calculate the greatest common divisor of b and 3.
3
Let n = 153 + -127. Calculate the greatest common divisor of 130 and n.
26
Let g = -3 - -7. Suppose g*m = -m + 15. Calculate the greatest common divisor of 33 and m.
3
Let n be 18 - (-1 - 0 - -3). Let z be (-4)/((-12)/3 + 2). Suppose -90 = -2*c - z*v, -2*c - v = 4*v - 105. Calculate the highest common factor of c and n.
8
Suppose -y - 4*y = 4*k - 202, -5*y = -5*k - 175. What is the greatest common divisor of 114 and y?
38
Suppose 2*x - 3*z - 146 = 0, -4*x - z + 74 + 232 = 0. What is the greatest common divisor of x and 57?
19
Let x(v) = v**2 - v - 6. Let d be x(0). Let k be 3/d*-34 + -2. Suppose 4*h + 2*b - 15 = k, 4*h = -b + 27. Calculate the greatest common divisor of 2 and h.
2
Suppose 32 = -b + 9*b. Let h(d) = -d**3 + 3*d**2 + d + 2. Let p be h(2). Calculate the highest common divisor of p and b.
4
Suppose -3*p = 4*r - 6 - 19, 0 = -5*r + p + 55. Suppose 0 = -5*d + 50 + 25. What is the greatest common factor of r and d?
5
Let i be (-2)/11 + 318/(-66). Let f = 8 + i. Calculate the greatest common divisor of 9 and f.
3
Suppose -2*q - 15 = -w, -5*q - 63 = -4*w + 12. What is the greatest common factor of 5 and w?
5
Suppose 2*h - 31 = -x - 7, -5*h + 4*x = -86. Calculate the highest common divisor of h and 42.
14
Let j = -23 + 58. Suppose 0 = 3*o - 9, 5*z - 190 = -2*o - 3*o. Suppose 7 = -2*l + z. What is the greatest common divisor of l and j?
7
Let d be (-6)/4 + (-2)/(-4). Let z(r) = 11*r + 1. Let x be z(d). Let u be ((-18)/(-5))/((-4)/x). Calculate the highest common divisor of 6 and u.
3
Let k = -12 + 27. Let y(f) = 22*f**3 - 2*f**2 - 3*f + 3. Let a be y(2). What is the greatest common factor of a and k?
15
Suppose 0 = 8*a - 6*a - 110. What is the greatest common divisor of 5 and a?
5
Suppose 3*h + f = 11, -4*h + 4 = -3*f - 2. What is the greatest common factor of h and 24?
3
Let n(x) = x**2 - x + 5. Let h be n(0). Suppose 3*m - 3*y = 3, 2*m + 3*y = -2*y - h. Suppose w - 4 + m = 0. Calculate the greatest common divisor of w and 32.
4
Let w(u) = u + 12*u + u. Let k be w(5). Suppose -4*i + 5*o + 2 = -13, -4*o = -i - 10. What is the greatest common factor of k and i?
10
Suppose -64 = -3*p - d - 0*d, -2*d = -2. Suppose 4*g + 24 = -4*x, -2*x + 7*x - g = 0. Let m be (1 + -4)*(x + 0). What is the greatest common factor of p and m?
3
Suppose -19 + 1 = -m - 5*x, -3*x + 72 = 4*m. Let a be (-10)/45 - (-130)/m. What is the highest common factor of a and 21?
7
Let f be (2 - (-2)/8*0) + 19. What is the highest common divisor of f and 231?
21
Let j be -15*(75/9 - -3). Let m be (j/(-3))/((-3)/(-9)). Let c = 16 - -1. What is the greatest common divisor of m and c?
17
Suppose 2*o - 4*p - 214 = 0, p = 2*o - 4*p - 218. Let v = -362 - -524. Let f = v - o. What is the highest common divisor of 7 and f?
7
Let u = -1 + 14. Let w = u - 5. Let y(f) = -15*f - 18. Let v be y(-6). What is the highest common divisor of v and w?
8
Let k be 133 + 2 + (-3)/1. Let c be 3/((-9)/(-11))*(19 - 13). Calculate the greatest common divisor of k and c.
22
Let m(h) be the first derivative of -5*h**4/4 + 4*h**3/3 + h**2/2 + 3*h + 3. Let y be m(-3). Calculate the greatest common factor of 19 and y.
19
Let h(t) = t**3 + 4*t**2 - 2*t - 4. Let a be h(-4). Suppose -2*w + 3 = 3*v, -5*w + a = 4*v - w. Calculate the greatest common divisor of 4 and v.
1
Let j = -13 + 9. Let c(t) be the second derivative of -2*t**3/3 + t**2 - 2*t. Let f be c(j). Calculate the highest common factor of 9 and f.
9
Suppose 0 = 4*i - 5 - 11, -5*d + 2*i - 3 = 0. Let q be (-170)/(-4) + d/(-2). What is the greatest common divisor of q and 14?
14
Let q be (-48)/15 - 1/(-5). Let y = q + 5. Let b be (-2)/(-6) + 5/3. What is the highest common divisor of b and y?
2
Let x = -2 - -6. Suppose -2*z + 8 = 0, -x*m = 5*z + 222 + 58. Let a = -53 - m. Calculate the highest common divisor of a and 55.
11
Suppose k - 5 = -1. Let t be 10*(3 + 27/(-15)). What is the highest common divisor of k and t?
4
Let d(b) = 16*b - 1. Let n be d(1). Suppose 3*y = 4*y - 2. Suppose y*h - o + 0*o - 207 = 0, -5*h = 3*o - 534. What is the highest common divisor of h and n?
15
Let v = 58 - 3. Calculate the greatest common factor of 5 and v.
5
Let a(t) = -t**2 + t + 78. Let b be a(0). Suppose 5*f + 39 - 164 = 0. Let v be (-15)/f - b/(-5). What is the highest common divisor of v and 165?
15
Let l be -12*(4/6)/(16/(-48)). What is the greatest common factor of 18 and l?
6
Let v = 18 + -19. Let o be (6/4)/(6/32). Let w be ((-12)/o)/(v/20). What is the greatest common divisor of w and 10?
10
Suppose 0*d = -4*s - 2*d + 38, -d = -4*s + 53. What is the highest common divisor of s and 3?
3
Suppose 4*k - 92 = -h, 3*k = 2*k + h + 18. What is the highest common factor of k and 11?
11
Suppose 5*w - 942 = -4*a - 0*a, -3*w = 2*a - 470. Calculate the greatest common factor of a and 34.
34
Let d be (-2 - 1)/((-1)/7). Let w(j) = -1 + j**2 + 7*j - 2*j**2 - 2. Let y be w(6). Calculate the highest common factor of d and y